 231?
21
What is the greatest common divisor of 25 and 500?
25
What is the greatest common factor of 3080 and 28?
28
Calculate the greatest common divisor of 52 and 702.
26
Calculate the highest common factor of 287 and 1763.
41
Calculate the greatest common divisor of 18 and 312.
6
Calculate the highest common divisor of 56 and 8.
8
Calculate the greatest common factor of 7 and 133.
7
Calculate the greatest common divisor of 12 and 9668.
4
Calculate the greatest common factor of 65 and 20345.
65
What is the highest common divisor of 1088 and 448?
64
What is the highest common divisor of 50 and 25?
25
What is the greatest common factor of 1037 and 2318?
61
What is the greatest common divisor of 2 and 38?
2
Calculate the highest common factor of 1727 and 11.
11
Calculate the greatest common divisor of 93 and 3751.
31
What is the greatest common factor of 6851 and 91?
13
Calculate the greatest common factor of 6 and 1398.
6
Calculate the highest common divisor of 2 and 163.
1
Calculate the highest common divisor of 1485 and 54.
27
Calculate the greatest common factor of 5 and 137.
1
What is the highest common factor of 1799 and 7?
7
What is the greatest common divisor of 131 and 2?
1
Calculate the greatest common divisor of 64 and 1192.
8
Calculate the greatest common factor of 25 and 41925.
25
What is the highest common factor of 16 and 13744?
16
Calculate the highest common divisor of 290 and 40.
10
What is the greatest common divisor of 14 and 518?
14
What is the greatest common factor of 1462 and 68?
34
Calculate the highest common divisor of 282 and 12.
6
Calculate the greatest common factor of 2125 and 375.
125
Calculate the greatest common factor of 8417 and 38.
19
Calculate the greatest common divisor of 105 and 11865.
105
Calculate the highest common factor of 86434 and 46.
46
Calculate the highest common factor of 812 and 84.
28
What is the highest common divisor of 338 and 2873?
169
Calculate the greatest common divisor of 9585 and 135.
135
What is the highest common divisor of 8448 and 99?
33
Calculate the greatest common divisor of 77 and 8778.
77
What is the highest common divisor of 54 and 40878?
54
Calculate the highest common divisor of 232 and 7018.
58
Calculate the highest common divisor of 47 and 470.
47
Calculate the greatest common divisor of 693 and 495.
99
What is the greatest common factor of 2315 and 5?
5
Calculate the highest common factor of 4288 and 64.
64
Calculate the highest common factor of 33 and 132.
33
What is the greatest common factor of 62 and 5425?
31
Calculate the highest common divisor of 9217 and 13.
13
Calculate the greatest common factor of 4505 and 159.
53
Calculate the greatest common factor of 2808 and 81.
27
What is the greatest common factor of 57 and 5168?
19
What is the greatest common factor of 8858 and 688?
86
Calculate the highest common divisor of 27 and 3798.
9
Calculate the greatest common factor of 41 and 7093.
41
Calculate the greatest common factor of 176 and 22.
22
Calculate the greatest common divisor of 128 and 200.
8
Calculate the greatest common factor of 43022 and 98.
98
What is the highest common divisor of 3483 and 43?
43
Calculate the highest common factor of 1056 and 2178.
66
What is the greatest common divisor of 564 and 24?
12
What is the greatest common divisor of 18 and 576?
18
Calculate the highest common divisor of 30 and 4170.
30
What is the greatest common factor of 11 and 473?
11
Calculate the greatest common factor of 14 and 826.
14
What is the highest common factor of 171 and 114?
57
Calculate the highest common factor of 23 and 437.
23
Calculate the greatest common divisor of 19605 and 15.
15
What is the highest common factor of 18176 and 426?
142
Calculate the highest common divisor of 4524 and 1653.
87
Calculate the highest common divisor of 102 and 8313.
51
What is the highest common divisor of 280 and 120?
40
Calculate the greatest common divisor of 1044 and 5.
1
What is the greatest common factor of 183 and 7076?
61
What is the greatest common factor of 518 and 154?
14
Calculate the highest common factor of 128 and 224.
32
Calculate the highest common factor of 1275 and 85.
85
What is the greatest common divisor of 214 and 40?
2
What is the greatest common factor of 36054 and 18?
18
Calculate the greatest common divisor of 6 and 51.
3
What is the greatest common divisor of 18 and 333?
9
What is the highest common divisor of 48 and 384?
48
What is the highest common factor of 1596 and 168?
84
Calculate the highest common factor of 1624 and 5768.
56
Calculate the highest common factor of 621 and 207.
207
What is the greatest common divisor of 75 and 100?
25
Calculate the highest common divisor of 603 and 67.
67
What is the greatest common divisor of 412 and 16?
4
What is the greatest common divisor of 3193 and 31?
31
What is the greatest common divisor of 992 and 31?
31
What is the greatest common divisor of 2413 and 3429?
127
What is the highest common divisor of 63 and 147?
21
Calculate the highest common divisor of 105 and 42.
21
What is the highest common factor of 363 and 3?
3
What is the greatest common divisor of 7 and 12?
1
Calculate the greatest common divisor of 894 and 18.
6
What is the greatest common divisor of 175 and 275?
25
What is the highest common divisor of 14 and 3178?
14
What is the highest common factor of 154 and 42?
14
Calculate the highest common factor of 235 and 1692.
47
Calculate the greatest common factor of 128 and 96.
32
Calculate the highest common divisor of 27 and 8.
1
Calculate the highest common factor of 110 and 1166.
22
What is the highest common divisor of 679 and 21?
7
What is the greatest common divisor of 250 and 30?
10
What is the greatest common factor of 90 and 1926?
18
Calculate the greatest common divisor of 2 and 2.
2
What is the greatest common factor of 9 and 93?
3
What is the highest common divisor of 412 and 9579?
103
Calculate the greatest common divisor of 55 and 3641.
11
What is the highest common divisor of 60 and 540?
60
Calculate the highest common divisor of 704 and 1584.
176
What is the greatest common divisor of 574 and 14?
14
Calculate the highest common divisor of 42 and 1155.
21
Calculate the highest common divisor of 22 and 8019.
11
What is the highest common divisor of 22 and 55?
11
What is the highest common divisor of 220 and 980?
20
Calculate the greatest common divisor of 84 and 12.
12
Calculate the highest common divisor of 703 and 925.
37
What is the greatest common factor of 1591 and 43?
43
Calculate the greatest common divisor of 9200 and 46.
46
Calculate the greatest common factor of 175 and 14.
7
Calculate the greatest common divisor of 80 and 48.
16
Calculate the highest common divisor of 30 and 14030.
10
What is the greatest common divisor of 5 and 1150?
5
What is the greatest common divisor of 30 and 6?
6
Calculate the greatest common divisor of 127 and 1778.
127
Calculate the highest common factor of 54 and 81.
27
Calculate the highest common factor of 18 and 8.
2
What is the greatest common factor of 51 and 192?
3
Calculate the greatest common divisor of 448 and 352.
32
What is the highest common divisor of 2 and 242?
2
Calculate the highest common divisor of 288 and 328.
8
Calculate the highest common factor of 5 and 745.
5
Calculate the greatest common factor of 22 and 64658.
22
What is the greatest common divisor of 7918 and 148?
74
What is the highest common divisor of 833 and 17?
17
What is the highest common divisor of 6474 and 156?
78
What is the greatest common factor of 36 and 1962?
18
What is the highest common factor of 11494 and 14?
14
Calculate the highest common divisor of 72 and 180.
36
Calculate the highest common divisor of 117 and 78.
39
What is the greatest common factor of 122 and 1647?
61
Calculate the greatest common factor of 3156 and 12.
12
What is the highest common factor of 304 and 38?
38
Calculate the highest common factor of 195 and 26.
13
Calculate the greatest common divisor of 416 and 1820.
52
What is the greatest common divisor of 72 and 468?
36
Calculate the highest common factor of 601 and 5.
1
Calculate the highest common divisor of 1276 and 352.
44
Calculate the highest common factor of 992 and 403.
31
Calculate the highest common divisor 